)?
5, 11
Suppose -268 = -4*c + 4*b, -c = 3*c - 2*b - 274. Let j = c - 45. List the prime factors of (-1)/2 + j/2.
2, 3
Let c be 2/(-4)*(-848)/(-8). Let t = c + 81. List the prime factors of t.
2, 7
Suppose 0 = -4*a - 3*o + 50, 4*a - 2*a - 3*o - 16 = 0. List the prime factors of a.
11
Let y(i) = -4*i + 1. Let m(r) = -3*r + 4. Let w be m(3). Let x be y(w). Suppose 2*n + 4*o + 5 = x, 2*n = o + 1. List the prime factors of n.
2
Let r = 7 - 3. Suppose r = l - 7. What are the prime factors of l?
11
Suppose -4 = 4*c - 0*c, 3*l + c - 11 = 0. Suppose l*n = -o + 33, 0 = -0*o - 5*o + 5. What are the prime factors of n?
2
Suppose 0 = -5*x + 359 - 14. What are the prime factors of x?
3, 23
Let b(s) = -3 - 2*s - 5*s - 2. Let j be b(-7). Suppose -y - j = -5*y. List the prime factors of y.
11
Let d = 8 + -3. Let o = d - 0. Suppose o*u - 53 = 17. List the prime factors of u.
2, 7
Suppose 0 = -4*t + 4*k + 1240, 500 + 120 = 2*t + 4*k. What are the prime factors of t?
2, 5, 31
Let h(q) = q + 12. Let l be h(-10). Suppose n = -4*r, -17 = -l*n - 3*n - 3*r. Suppose 6 = 5*w - n. List the prime factors of w.
2
Suppose -2*x = 2*s - 136, 0 = -5*x + 5*s - 184 + 474. Suppose -81 = -4*l + l + 3*q, -3*l - 3*q = -x. What are the prime factors of l?
2, 3
Let a be (-8)/6*(-27)/18. What are the prime factors of 24 + a + (-2 - 1)?
23
Let x = 8 - 5. Suppose 2*v - 2*q + 4 = 5*v, -x*v + 19 = 5*q. List the prime factors of 38/6 - v/(-6).
2, 3
Suppose 4*g - 6*g + 22 = 0. What are the prime factors of g?
11
Let c(n) = 2*n - 6. Let u be c(5). Suppose u*t - 36 = -5*m + 194, -3*m + 6 = 0. Suppose 0*x - 5*x = -t. What are the prime factors of x?
11
Suppose 2*k + 3*k + 10 = -5*p, 0 = -2*k + 4*p - 4. Let l be (2 - (3 + k))*5. Let j = 8 - l. What are the prime factors of j?
3
Let j(a) be the first derivative of a**3/3 - a**2/2 - a - 6. List the prime factors of j(4).
11
Suppose -2*m + 8 = 2*m. Suppose -18 = -0*j - m*j. Suppose -h + j = -0. List the prime factors of h.
3
Suppose 4*f - 3*f - 6 = 0. Let a be 2/(-2) + (-6)/f. List the prime factors of -1 + a + (1 - -7).
5
Let j = -15 - -21. Let m(v) = -v**2 + 6*v. Let w be m(j). Suppose 5*p + 10 - 55 = w. List the prime factors of p.
3
Let u = -38 - -22. Let g = u + 46. What are the prime factors of g?
2, 3, 5
Let u = -10 + 14. Suppose 2*n - u*n + 34 = 0. What are the prime factors of n?
17
Let h = -7 + 12. Suppose 6 = h*l - 4. Suppose l*f = 3*f - 11. List the prime factors of f.
11
Let w = -9 - -6. Let z(s) = s**3 + 4*s**2 - s - 4. Let r be z(w). Let j = 13 - r. List the prime factors of j.
5
Let b = -19 + 87. Suppose v - 5*v = -b. Let z = v + -10. List the prime factors of z.
7
Let r(w) = -4*w. Let h be r(-1). Let p(z) = -z**2 - 6*z - 7. Let o be p(-5). Let q = o + h. What are the prime factors of q?
2
Let y be (128/(-8))/(4/(-10)). Suppose -k - 5*c = -17, -5*c = -5*k + 15 + y. List the prime factors of k.
2, 3
Let b be ((-8)/(-6))/(6/9). Suppose -b*o + 5*m = -34, -30 - 4 = -2*o - m. What are the prime factors of o?
17
Let p(g) = g - 4. Let l be p(-5). Let a = l + 17. What are the prime factors of a?
2
Suppose 3*v - 2*y - 410 = 0, -5*y = -y + 4. Suppose 0 = 5*q - 2*q - 15, -5*q + v = 3*f. List the prime factors of f.
37
Suppose 11*n - 16*n - 80 = 0. Let y be ((-10)/(-8))/(3/60). Let p = n + y. List the prime factors of p.
3
Suppose 2*w + p = -0*w + 81, p - 3 = 0. List the prime factors of w.
3, 13
Suppose -2 = -2*h + 4*h. Let j be h*0/2*1. List the prime factors of ((j - 0) + 1)*13.
13
Suppose -o = -0*o + 102. Let k be o/(-18) + 2/(-3). Suppose 5*f + 2*b = 95, -4*f + 66 = k*b - 27. What are the prime factors of f?
17
Let m = -8 + -4. Let c = 4 - m. List the prime factors of c.
2
Let l(z) = -z**2 - 5*z. Let y(b) = b**2 + 6*b - 1. Let r(v) = -7*l(v) - 6*y(v). What are the prime factors of r(0)?
2, 3
Let r = -11 + 20. What are the prime factors of r?
3
Let b = -45 + 75. What are the prime factors of b?
2, 3, 5
What are the prime factors of (-6)/(-8) - 1330/(-40)?
2, 17
Suppose 0 = -3*d + 5*d + 4. Let s be d + 3 + 0 - 6. List the prime factors of 2/s - 52/(-5).
2, 5
Let c(j) = -j**2 + 17*j + 7. Let b be c(15). Suppose 6*p - b = 215. List the prime factors of p.
2, 3, 7
Let o be (-42)/(-4)*(2 + 2). Suppose -3*h = -h - o. List the prime factors of h.
3, 7
Suppose 4*p + p - 30 = 0. What are the prime factors of p?
2, 3
What are the prime factors of (-291)/(-1) - (-4)/(8 - 4)?
2, 73
Let p(g) = g**3 + 12*g**2 + 13*g - 14. List the prime factors of p(-10).
2, 7
Let b = 23 - 11. Let i(g) = -22*g**2 + 32*g - 10. Let u(w) = -9*w**2 + 13*w - 4. Let z(x) = b*u(x) - 5*i(x). What are the prime factors of z(2)?
2
Suppose 2*t - 3*z = 81, -z - 83 = -t - t. List the prime factors of t.
2, 3, 7
Let n(x) = x + 17 - 4 - 1 + 1. Let o = -19 + 10. What are the prime factors of n(o)?
2
Suppose -96 = -4*z + z. Suppose 3*c = 2*c + 3. Suppose c*b - z = 1. What are the prime factors of b?
11
Let a be (14/3)/(2/3). Let j = 15 - a. What are the prime factors of j?
2
List the prime factors of ((-36)/10)/((-10)/225).
3
Let g = -14 - -20. Suppose -5*f + 2*l + 165 = 0, f + g = l + 36. What are the prime factors of f?
5, 7
Suppose g + 16 = 5*c, -3*g = 3*c + 2*g - 4. What are the prime factors of c?
3
Let v = -3 + 5. List the prime factors of v.
2
Let x(c) = c**3 + 16*c**2 + 10. What are the prime factors of x(-16)?
2, 5
Let z(x) = -x**2 - x + 1. Let f(k) = -k**2 + 5*k - 3. Let y be f(4). Let p(n) = -n**2 - 3*n + 3. Let m(w) = y*p(w) - 3*z(w). List the prime factors of m(-2).
2
Suppose 8 = -v - 0*v + 5*d, 0 = -3*v + d - 10. List the prime factors of (-1 - -2) + (-2 - v).
2
Let d be 1 + (-1)/(2/(-6)). Let q = -1 + 5. Suppose -x - d*r = x + 4, q*r + 18 = 5*x. List the prime factors of x.
2
Let x = 41 - 11. What are the prime factors of x?
2, 3, 5
Let v = -36 - -22. Let m = 20 + v. Suppose 0 = -2*k - 4*d + 48, -m*d + d = -25. What are the prime factors of k?
2, 7
Let h(z) = z**2 - 3*z - 4. Let u be h(4). Let m be (u - (-2 + 1))*-10. Let o = -2 - m. List the prime factors of o.
2
Let z be (1 - 4/2)*-18. Let v(n) = 105*n + 18. Let c(s) = -30*s - 5. Let p(a) = z*c(a) + 5*v(a). List the prime factors of p(-1).
3, 5
Let w = 114 - 71. Suppose -2*o = -4*s - w + 229, 0 = 4*s - 5*o - 201. Suppose 103 = 5*t + 3*r, -3*r + s = 2*t + r. List the prime factors of t.
2, 5
Let b = -13 + 30. What are the prime factors of b?
17
Let c(o) = -12*o. Let y = -2 - -10. Suppose 2*w + 6 = 0, -5*x - 4*w = -y*w - 7. What are the prime factors of c(x)?
2, 3
Let b(t) = t**3 - 5*t**2 - 4*t + 1. List the prime factors of b(7).
71
Let c(o) = 37*o**2 + 3*o + 6. Let r be c(-5). Suppose 110 = -3*h - 4*v + 648, 5*h - 3*v - r = 0. List the prime factors of h/35 + (-2)/10.
5
Let o(p) = 12*p + 15. What are the prime factors of o(7)?
3, 11
Suppose 2*g = 5*c - 100, 2*c + g = 4*g + 40. Let r = 8 - -24. Let y = r - c. List the prime factors of y.
2, 3
Let i(s) = s**2 - 2*s. Let a be 0 + 2*(0 + 1). Suppose -4*y - 19 = -3*z - a, 2*y + 1 = -z. List the prime factors of i(y).
2
Suppose 2*h + 304 = 2*l - 44, -4*h + 870 = 5*l. What are the prime factors of l?
2, 3, 29
Suppose 465 = -2*y + 6*y + u, u + 455 = 4*y. What are the prime factors of y?
5, 23
Suppose 8 = -f + 205. List the prime factors of f.
197
Suppose 5*v + 30 = -0*v. What are the prime factors of (v/4)/((-3)/42)?
3, 7
Suppose -x + 3*x = 10. Suppose x = -l - 0. Let p(i) = -i**3 - 5*i**2 - 3*i + 6. List the prime factors of p(l).
3, 7
Suppose -6 - 3 = -3*c. Let j(a) = -5 - c*a + 5*a - a. List the prime factors of j(10).
5
List the prime factors of (11/4)/(7/364) + -2.
3, 47
Suppose 2 - 26 = -2*y - 2*o, 2*y + 5*o - 36 = 0. Let m(h) = h**3 - 3*h**2 - 2*h + 4. Let n be m(4). What are the prime factors of n/y*28/6?
7
Suppose 2*i + 4*x = -6, -5*i = -x - 10 - 8. Suppose 0 = -2*k + f + 4*f - 37, -35 = 2*k - i*f. Let u = k - -23. List the prime factors of u.
7
Suppose -5*g - 2 + 17 = 0. Let l(t) = 2 - g*t + 2*t + 0*t. What are the prime factors of l(0)?
2
Let c = 4 + -4. Suppose -3*g - g + 24 = c. What are the prime factors of g?
2, 3
Let h = 51 - 4. What are the prime factors of h?
47
Let m(a) = a + 8. List the prime factors of m(0).
2
Suppose 10 + 3 = o. Let p(a) = a + 9. What are the prime factors of p(o)?
2, 11
Suppose 27 = r - 3. List the prime factors of r.
2, 3, 5
Suppose